0
2 (base 12) to base 14
2
139 (base 11) to base 12
117
Convert 3 (base 12) to base 8.
3
-68 (base 11) to base 8
-112
-2 (base 7) to base 10
-2
Convert -211 (base 3) to base 12.
-1a
-2110 (base 3) to base 7
-123
215 (base 6) to base 16
53
Convert -1 (base 3) to base 11.
-1
-21212 (base 3) to base 12
-158
-5 (base 6) to base 15
-5
Convert -15 (base 15) to base 16.
-14
-93 (base 12) to base 9
-133
Convert 6 (base 7) to base 11.
6
What is -4 (base 13) in base 7?
-4
Convert -5 (base 13) to base 6.
-5
41 (base 13) to base 5
203
-337 (base 8) to base 7
-436
What is 11 (base 2) in base 15?
3
Convert 1e (base 16) to base 14.
22
Convert -8 (base 10) to base 8.
-10
What is -3 (base 10) in base 8?
-3
2 (base 5) to base 9
2
4 (base 8) to base 12
4
What is 0 (base 12) in base 9?
0
-5 (base 11) to base 7
-5
0 (base 3) to base 5
0
-bd (base 14) to base 6
-435
181 (base 10) to base 8
265
Convert -10 (base 13) to base 12.
-11
Convert -13 (base 6) to base 8.
-11
-10110000 (base 2) to base 5
-1201
-34 (base 7) to base 9
-27
-5 (base 6) to base 8
-5
What is -2 (base 16) in base 3?
-2
What is 8 (base 12) in base 9?
8
-3 (base 15) to base 5
-3
220 (base 5) to base 12
50
What is -20100 (base 3) in base 14?
-c3
Convert 2 (base 16) to base 3.
2
What is 0 (base 8) in base 3?
0
What is 39 (base 12) in base 11?
41
What is 1332 (base 4) in base 14?
90
-b (base 12) to base 7
-14
Convert 10 (base 3) to base 8.
3
Convert -1101011 (base 2) to base 13.
-83
5 (base 10) to base 14
5
What is 10 (base 3) in base 5?
3
Convert -11201 (base 3) to base 12.
-a7
57 (base 12) to base 7
124
Convert b (base 16) to base 11.
10
-200 (base 6) to base 4
-1020
Convert 4 (base 8) to base 9.
4
1 (base 11) to base 12
1
-13 (base 16) to base 5
-34
Convert 2 (base 7) to base 14.
2
What is d (base 14) in base 5?
23
Convert 22 (base 5) to base 10.
12
4 (base 10) to base 12
4
Convert 10010 (base 2) to base 10.
18
10 (base 7) to base 14
7
-4 (base 12) to base 5
-4
-79 (base 16) to base 7
-232
1 (base 10) to base 11
1
Convert -35 (base 8) to base 13.
-23
-17 (base 8) to base 5
-30
1 (base 3) to base 12
1
What is 1 (base 10) in base 15?
1
Convert -10 (base 12) to base 15.
-c
-21 (base 4) to base 13
-9
Convert 0 (base 7) to base 12.
0
Convert -26 (base 13) to base 3.
-1012
Convert -169 (base 12) to base 3.
-22100
What is 150 (base 9) in base 16?
7e
Convert -d (base 15) to base 9.
-14
202 (base 4) to base 16
22
What is 12 (base 11) in base 12?
11
What is 28 (base 16) in base 9?
44
2 (base 15) to base 13
2
Convert -3 (base 12) to base 9.
-3
Convert 4 (base 15) to base 9.
4
Convert 134 (base 7) to base 5.
244
Convert -6 (base 7) to base 8.
-6
Convert -3 (base 14) to base 9.
-3
243 (base 6) to base 9
120
What is -6 (base 16) in base 2?
-110
-215 (base 10) to base 7
-425
-113 (base 6) to base 15
-30
What is 4 (base 13) in base 11?
4
What is 3a (base 12) in base 15?
31
Convert 11 (base 3) to base 11.
4
What is -f (base 16) in base 15?
-10
-1 (base 6) to base 14
-1
-1110 (base 2) to base 14
-10
What is 14 (base 11) in base 7?
21
Convert 1 (base 16) to base 3.
1
-1010 (base 2) to base 7
-13
Convert 15 (base 11) to base 15.
11
343 (base 6) to base 2
10000111
What is 5 (base 6) in base 2?
101
1 (base 3) to base 14
1
Convert 1b (base 13) to base 5.
44
What is -11 (base 5) in base 4?
-12
-206 (base 8) to base 12
-b2
Convert -64 (base 10) to base 2.
-1000000
1 (base 7) to base 6
1
What is -11 (base 3) in base 15?
-4
Convert 1 (base 2) to base 8.
1
Convert -2 (base 6) to base 10.
-2
What is -2 (base 15) in base 6?
-2
What is 15 (base 16) in base 11?
1a
Convert 1 (base 8) to base 15.
1
-224 (base 5) to base 10
-64
6 (base 16) to base 9
6
Convert -1 (base 11) to base 7.
-1
-10 (base 3) to base 7
-3
What is -1212 (base 3) in base 9?
-55
Convert -8 (base 10) to base 6.
-12
What is 100011010 (base 2) in base 8?
432
Convert -a (base 16) to base 15.
-a
Convert 25 (base 12) to base 4.
131
What is 1301 (base 4) in base 15?
78
What is 221 (base 5) in base 8?
75
Convert -100101110 (base 2) to base 8.
-456
-7 (base 12) to base 2
-111
-2040 (base 5) to base 14
-154
Convert 4 (base 10) to base 8.
4
4 (base 15) to base 11
4
3 (base 4) to base 6
3
1105 (base 7) to base 6
1501
Convert 10 (base 5) to base 13.
5
What is 115 (base 7) in base 11?
56
-14 (base 10) to base 12
-12
Convert -11 (base 7) to base 6.
-12
1064 (base 7) to base 16
185
b (base 14) to base 9
12
Convert 0 (base 14) to base 6.
0
What is 1 (base 7) in base 15?
1
What is 11 (base 8) in base 2?
1001
1 (base 14) to base 2
1
-2 (base 7) to base 5
-2
3 (base 5) to base 10
3
Convert -4 (base 14) to base 9.
-4
Convert 10 (base 4) to base 3.
11
2 (base 12) to base 11
2
What is -5 (base 15) in base 11?
-5
Convert 5 (base 10) to base 15.
5
What is 1000 (base 2) in base 11?
8
2 (base 4) to base 7
2
Convert 123 (base 6) to base 10.
51
What is -69 (base 11) in base 10?
-75
What is 0 (base 3) in base 16?
0
Convert 3 (base 13) to base 4.
3
Convert 210 (base 4) to base 9.
40
What is 146 (base 11) in base 6?
443
-132 (base 10) to base 6
-340
What is -6 (base 10) in base 8?
-6
37 (base 16) to base 7
106
What is 1233 (base 5) in base 2?
11000001
What is 63 (base 9) in base 16?
39
What is 66 (base 7) in base 16?
30
11 (base 4) to base 13
5
What is -2 (base 15) in base 6?
-2
Convert -3 (base 9) to base 16.
-3
-1 (base 11) to base 15
-1
Convert -10 (base 8) to base 15.
-8
What is -197 (base 13) in base 11?
-247
Convert -256 (base 12) to base 5.
-2404
What is -a (base 11) in base 2?
-1010
-2c (base 15) to base 6
-110
What is -34 (base 7) in base 8?
-31
What is 2122 (base 3) in base 5?
241
Convert -b (base 16) to base 5.
-21
What is -2 (base 4) in base 15?
-2
What is -10 (base 3) in base 15?
-3
-2b (base 13) to base 2
-100101
0 (base 15) to base 7
0
What is -10 (base 3) in base 16?
-3
47 (base 15) to base 11
61
What is -2 (base 16) in base 6?
-2
11010 (base 2) to base 9
28
24 (base 5) to base 10
14
Convert -20022 (base 3) to base 8.
-252
-34 (base 16) to base 12
-44
2 (base 6) to base 10
2
140 (base 5) to base 12
39
What is d (base 16) in base 12?
11
Convert -2 (base 15) to base 8.
-2
What is -22 (base 11) in base 15?
-19
10000001 (base 2) to base 12
a9
Convert -2 (base 11) to base 13.
-2
What is -15 (base 7) in base 9?
-13
Convert 10 (base 10) to base 16.
a
110100 (base 2) to base 16
34
What is 2c (base 15) in base 2?
101010
-107 (base 11) to base 16
-80
123 (base 15) to base 16
102
What is 208 (base 10) in base 5?
1313
What is 110 (base 9) in base 5?
330
Convert 4 (base 10) to base 13.
4
What is -1 (base 8) in base 15?
-1
Convert 2b (base 12) to base 14.
27
Convert 12 (base 6) to base 12.
8
What is 1010 (base 2) in base 13?
a
Convert 5 (base 6) to base 9.
5
Convert 224 (base 10) to base 8.
340
-4 (base 13) to base 8
-4
-14a (base 12) to base 2
-11001010
Convert 3 (base 11) to base 7.
3
What is 16 (base 10) in base 12?
14
Convert -440 (base 6) to base 10.
-168
-4 (base 6) to base 8
-4
7 (base 11) to base 3
21
5 (base 10) to base 2
101
Convert 5 (base 11) to base 10.
5
Convert 1 (base 2) to base 12.
1
What is -10 (base 2) in base 8?
-2
6 (base 9) to base 13
6
What is 31 (base 10) in base 16?
1f
Convert 1 (base 16) to base 3.
1
0 (base 15) to base 2
0
What is 11010 (base 3) in base 10?
111
Convert -2 (base 15) to base 4.
-2
-5 (base 15) to base 5
-10
What is 85 (base 13) in base 16?
6d
3 (base 10) to base 6
3
Convert 425 (base 6) to base 11.
137
-14 (base 11) to base 7
-21
-4 (base 14) to base 15
-4
What is 37 (base 13) in base 6?
114
What is -10 (base 3) in base 6?
-3
What is -4 (base 5) in base 10?
-4
Convert -243 (base 6) to base 9.
-120
What is 77 (base 11) in base 7?
150
What is 16 (base 7) in base 6?
21
13 (base 8) to base 14
b
Convert 4 (base 13) to base 2.
100
Convert -11222 (base 3) to base 2.
-10000110
-12 (base 14) to base 5
-31
Convert 12 (base 14) to base 13.
13
Convert 0 (base 2) to base 8.
0
What is 122 (base 10) in base 15?
82
Convert -213 (base 4) to base 5.
-124
Convert 51 (base 12) to base 16.
3d
58 (base 11) to base 16
3f
Convert 10 (base 9) to base 16.
9
-103 (base 5) to base 3
-1001
Convert -3 (base 11) to base 4.
-3
What is 4 (base 14) in base 9?
4
225 (base 10) to base 11
195
Convert -10 (base 6) to base 10.
-6
-636 (base 8) to base 7
-1131
What is 40 (base 13) in bas